 to base 6
13324231
Convert -3108547 (base 10) to base 6.
-150343231
Convert 222120123 (base 4) to base 13.
61026
What is -12123320111 (base 4) in base 16?
-19be15
Convert -18198a (base 13) to base 10.
-603613
Convert 121312232 (base 4) to base 7.
620516
Convert -11101000000100100111001 (base 2) to base 14.
-101d493
71755 (base 8) to base 14
ab5b
603a67 (base 13) to base 2
1000100001111011011100
-11010001001110111 (base 2) to base 10
-107127
Convert -11330134 (base 5) to base 6.
-2130152
-40bb8a (base 14) to base 12
-8938ba
Convert 153450 (base 15) to base 6.
33534520
What is 100010102121010 (base 3) in base 4?
102200030220
-2189970 (base 10) to base 13
-5b8a53
9599bb (base 15) to base 14
d34acc
Convert 3103411 (base 6) to base 16.
2443f
What is 111d9ae (base 15) in base 8?
56557241
-2ad37 (base 14) to base 2
-11010000101110101
What is 356002 (base 9) in base 7?
1551602
4555221 (base 7) to base 11
359106
What is 462206 (base 11) in base 9?
1340152
What is 10101101100001111 (base 2) in base 13?
31595
What is 14430115 (base 6) in base 16?
7a75f
Convert -dc65 (base 15) to base 11.
-32078
What is -2031321333 (base 4) in base 12?
-240453
What is -270503 (base 9) in base 12?
-7b1a9
What is -500044222 (base 6) in base 12?
-2993672
20443223 (base 5) to base 9
281454
189688 (base 13) to base 11
394365
20322021133 (base 4) to base 2
1000111010001001011111
Convert 4461 (base 12) to base 8.
16611
Convert -10254330 (base 6) to base 12.
-1273a6
-1420143142 (base 5) to base 3
-20220212011100
Convert -998187 (base 11) to base 7.
-16350445
Convert -1212124103 (base 6) to base 2.
-110100101110011000000111
What is 570835 (base 11) in base 14?
199268
What is -11110022110 (base 3) in base 5?
-10301313
Convert 116236 (base 8) to base 16.
9c9e
What is -10252061 (base 7) in base 12?
-35b4ab
-1a2705 (base 13) to base 5
-132144420
-43344211 (base 5) to base 13
-100306
Convert -1011011011011101101110 (base 2) to base 14.
-57dc18
What is -211124204 (base 6) in base 9?
-6854454
-2d7fd9 (base 16) to base 6
-143524505
-31073501 (base 8) to base 11
-3797832
What is -22cffd (base 16) in base 8?
-10547775
What is 2174ac8 (base 13) in base 10?
10235480
What is b4dc3d (base 15) in base 13?
1a225c2
Convert -130223120 (base 4) to base 11.
-80286
Convert -4261585 (base 11) to base 6.
-424413553
Convert 650bf (base 16) to base 2.
1100101000010111111
-134512111 (base 6) to base 12
-b05637
Convert -1133862 (base 10) to base 11.
-704984
What is 1521001 (base 10) in base 11?
949829
505162 (base 7) to base 13
300c4
Convert 3110 (base 9) to base 5.
33102
Convert 11a867c (base 15) to base 7.
212550453
Convert 131212220220 (base 4) to base 9.
15537263
4251421 (base 6) to base 11
133057
78a6a86 (base 11) to base 16
d3422b
What is 4155145 (base 7) in base 6?
14424221
Convert -111a9 (base 15) to base 13.
-1b9a5
What is -9c37a (base 14) in base 16?
-5c9e8
What is 1012021 (base 11) in base 7?
21130262
Convert -22301220 (base 4) to base 8.
-126150
13230200 (base 7) to base 16
12937d
What is 10201120101102 (base 3) in base 5?
1001321031
Convert -1275063 (base 8) to base 2.
-1010111101000110011
1e2256 (base 15) to base 3
2202221212200
What is 4b2d23 (base 14) in base 4?
21312112303
What is 11187620 (base 9) in base 3?
101012221200200
Convert 679811 (base 10) to base 5.
133223221
Convert 2211220111001 (base 3) to base 7.
15603166
What is 178a7c (base 16) in base 9?
2811260
-108593 (base 11) to base 16
-2a176
-120202222110102 (base 3) to base 11
-48074a1
Convert 2103220 (base 10) to base 15.
2b829a
Convert b8396 (base 12) to base 7.
2026620
-b95068 (base 14) to base 4
-113330020210
What is -10100010020220 (base 3) in base 16?
-1b1113
-20823 (base 15) to base 2
-11001001010101011
What is 31232011100 (base 4) in base 2?
1101101110000101010000
-422968 (base 13) to base 5
-344021140
Convert -506958 (base 10) to base 8.
-1736116
Convert b953b (base 13) to base 5.
41203324
Convert 12216 (base 9) to base 12.
48b0
-24416051 (base 7) to base 14
-40dc61
Convert 101000000001011000011001 (base 2) to base 10.
10491417
-110c0 (base 14) to base 16
-a170
Convert -1885041 (base 10) to base 6.
-104223013
5561047 (base 8) to base 14
2b0767
Convert -10188a (base 11) to base 2.
-100111111001111000
What is -122210303 (base 4) in base 11?
-74866
Convert ac6b00 (base 13) to base 7.
46412640
4ee3d (base 16) to base 12
136bb9
-511161 (base 7) to base 10
-86871
Convert -1200310203 (base 4) to base 2.
-1100000110100100011
Convert 100010111111101001111 (base 2) to base 9.
2136874
Convert 10224a (base 11) to base 5.
20222014
What is -10101111000010111 (base 2) in base 13?
-31a41
Convert 1844042 (base 10) to base 4.
13002031022
Convert -12000021221 (base 3) to base 11.
-68113
-76b99 (base 14) to base 5
-33201132
What is -1743045 (base 9) in base 16?
-ed9c8
Convert 2104a8 (base 13) to base 10.
771961
What is -c6248d (base 15) in base 7?
-143050213
212422202 (base 5) to base 11
568774
1161835 (base 9) to base 2
10011010000111100001
Convert -210455 (base 8) to base 6.
-1255433
Convert -11011001001111010 (base 2) to base 8.
-331172
What is 2113452 (base 8) in base 9?
1047240
Convert -221211221200202 (base 3) to base 11.
-7833443
-330043 (base 7) to base 6
-1122531
What is -4176105 (base 8) in base 10?
-1113157
What is 180254a (base 11) in base 2?
1011101011110111111010
Convert 13001314 (base 5) to base 14.
338b7
Convert -1000001110011011001010 (base 2) to base 15.
-2c8d3e
-1394910 (base 10) to base 13
-39abba
-3e8950 (base 15) to base 12
-1015433
Convert 9567786 (base 10) to base 11.
5445468
Convert -7ee67 (base 16) to base 4.
-1332321213
Convert 8759b (base 12) to base 11.
112397
Convert -2232250 (base 7) to base 8.
-1034706
Convert -1000022102212 (base 3) to base 2.
-10000011001111111001
-75b3b (base 15) to base 3
-200222201202
-102501533 (base 6) to base 16
-1ba701
What is -10446066 (base 8) in base 12?
-904932
Convert -1367075 (base 11) to base 13.
-6446bc
Convert -526703 (base 9) to base 13.
-ac7bb
What is -624635 (base 7) in base 6?
-2144532
What is 111101110100111101 (base 2) in base 13?
8b365
What is -501112 (base 13) in base 5?
-433440341
What is -1aa827 (base 16) in base 4?
-12222200213
-65425 (base 8) to base 14
-9dc1
Convert -122355 (base 11) to base 6.
-4051242
What is 1453256 (base 10) in base 9?
2654438
-2222111020002 (base 3) to base 16
-182c99
-43382b (base 12) to base 16
-103be3
What is -1c0597 (base 13) in base 7?
-6035350
-18a99 (base 16) to base 13
-36c97
Convert 91f5e (base 16) to base 12.
249b92
112011202211112 (base 3) to base 16
72f60e
What is 1102075 (base 8) in base 14?
79c29
What is -25564 (base 9) in base 15?
-518a
What is 54460 (base 16) in base 4?
1110101200
10010100000101010001 (base 2) to base 7
5104232
230012321200 (base 4) to base 8
54067140
What is -6042 (base 13) in base 10?
-13236
What is -dad02 (base 15) in base 4?
-2221220102
2219ec (base 15) to base 16
18ce16
Convert -a86b5 (base 16) to base 6.
-22441421
Convert -1636232 (base 7) to base 6.
-4514545
-2002102002021 (base 3) to base 10
-1110328
-127614 (base 10) to base 5
-13040424
-2112424 (base 5) to base 13
-13134
-17b6c (base 15) to base 7
-436662
-11250 (base 9) to base 13
-3549
Convert 14806 (base 9) to base 16.
2793
-1338aa (base 13) to base 8
-1614243
Convert -41111401 (base 6) to base 9.
-2181841
Convert -37d60 (base 14) to base 6.
-2534400
What is -111000000010001011101 (base 2) in base 9?
-3407618
-87a2aa (base 13) to base 4
-30023132033
3230244 (base 6) to base 14
421b6
Convert 39bb8 (base 15) to base 12.
8b002
What is 1461136 (base 7) in base 3?
101010221101
-154366 (base 10) to base 16
-25afe
-93468 (base 11) to base 12
-66a80
c6105d (base 14) to base 9
13522114
What is 116674d (base 14) in base 16?
7ee371
-692a912 (base 11) to base 7
-205016423
What is -17788617 (base 9) in base 14?
-1298bd3
What is -110100010011011000001 (base 2) in base 13?
-480122
-16342521 (base 7) to base 5
-401343113
Convert 95e86 (base 15) to base 2.
1110100001010000000
-3577398 (base 10) to base 14
-691a06
Convert -126784 (base 12) to base 5.
-34124110
-10100022020 (base 3) to base 12
-32120
Convert 46345637 (base 8) to base 12.
34609bb
What is -281a9 (base 11) in base 2?
-1001110011101010
What is 1493881 (base 10) in base 13?
403c6c
What is -4629a (ba